 when 11508 is divided by 11358.
150
What is the remainder when 15104 is divided by 3017?
19
What is the remainder when 97279 is divided by 97273?
6
Calculate the remainder when 17450 is divided by 2483.
69
What is the remainder when 1200 is divided by 184?
96
Calculate the remainder when 10295 is divided by 5118.
59
Calculate the remainder when 2556 is divided by 839.
39
What is the remainder when 15312 is divided by 38?
36
What is the remainder when 12775 is divided by 916?
867
Calculate the remainder when 70475 is divided by 20.
15
Calculate the remainder when 80206 is divided by 368.
350
What is the remainder when 2027420 is divided by 33?
32
Calculate the remainder when 29100 is divided by 109.
106
Calculate the remainder when 824546 is divided by 239.
235
What is the remainder when 3993297 is divided by 180?
177
Calculate the remainder when 28694 is divided by 120.
14
Calculate the remainder when 9963 is divided by 2265.
903
What is the remainder when 144943 is divided by 72466?
11
Calculate the remainder when 8570 is divided by 276.
14
Calculate the remainder when 2339 is divided by 1995.
344
What is the remainder when 2705 is divided by 148?
41
Calculate the remainder when 117546 is divided by 207.
177
What is the remainder when 162357 is divided by 198?
195
Calculate the remainder when 1764377 is divided by 126.
125
Calculate the remainder when 5509 is divided by 611.
10
What is the remainder when 4218 is divided by 3681?
537
What is the remainder when 34140 is divided by 397?
395
What is the remainder when 1183 is divided by 637?
546
Calculate the remainder when 169720 is divided by 1124.
1120
Calculate the remainder when 16260 is divided by 11.
2
What is the remainder when 3091 is divided by 220?
11
What is the remainder when 8810 is divided by 6?
2
What is the remainder when 702029 is divided by 18?
11
What is the remainder when 9306 is divided by 775?
6
What is the remainder when 96942 is divided by 302?
0
What is the remainder when 36351 is divided by 73?
70
What is the remainder when 16219 is divided by 74?
13
What is the remainder when 300441 is divided by 216?
201
What is the remainder when 14526 is divided by 12?
6
Calculate the remainder when 383 is divided by 97.
92
Calculate the remainder when 68157 is divided by 357.
327
Calculate the remainder when 3328 is divided by 9.
7
Calculate the remainder when 6656 is divided by 371.
349
Calculate the remainder when 2729 is divided by 1051.
627
Calculate the remainder when 4126 is divided by 112.
94
What is the remainder when 10647 is divided by 121?
120
Calculate the remainder when 822459 is divided by 68.
67
What is the remainder when 5080 is divided by 64?
24
Calculate the remainder when 18088 is divided by 1009.
935
What is the remainder when 2716 is divided by 161?
140
Calculate the remainder when 3955 is divided by 4.
3
Calculate the remainder when 121991 is divided by 897.
896
What is the remainder when 743030 is divided by 6461?
15
Calculate the remainder when 2208 is divided by 412.
148
Calculate the remainder when 21218 is divided by 59.
37
Calculate the remainder when 7298 is divided by 486.
8
Calculate the remainder when 55352 is divided by 246.
2
Calculate the remainder when 19094 is divided by 76.
18
Calculate the remainder when 165542 is divided by 55175.
17
Calculate the remainder when 3137 is divided by 181.
60
What is the remainder when 21742 is divided by 150?
142
What is the remainder when 4074 is divided by 25?
24
What is the remainder when 199790 is divided by 237?
236
What is the remainder when 2280 is divided by 72?
48
Calculate the remainder when 1619 is divided by 535.
14
What is the remainder when 28053 is divided by 1121?
28
What is the remainder when 1189881 is divided by 12?
9
Calculate the remainder when 17247 is divided by 65.
22
What is the remainder when 4454 is divided by 10?
4
Calculate the remainder when 9433 is divided by 1344.
25
Calculate the remainder when 1704 is divided by 434.
402
Calculate the remainder when 379948 is divided by 25.
23
What is the remainder when 5837 is divided by 873?
599
Calculate the remainder when 4828 is divided by 5.
3
Calculate the remainder when 31593 is divided by 753.
720
What is the remainder when 8082 is divided by 364?
74
What is the remainder when 111386 is divided by 13?
2
What is the remainder when 5171 is divided by 39?
23
Calculate the remainder when 64025 is divided by 184.
177
Calculate the remainder when 1065 is divided by 780.
285
What is the remainder when 26051 is divided by 41?
16
What is the remainder when 47003 is divided by 1167?
323
Calculate the remainder when 57287 is divided by 24.
23
Calculate the remainder when 71775 is divided by 145.
0
What is the remainder when 3437 is divided by 18?
17
Calculate the remainder when 8622 is divided by 210.
12
What is the remainder when 246747 is divided by 1645?
1642
What is the remainder when 606325 is divided by 16?
5
Calculate the remainder when 28777 is divided by 574.
77
Calculate the remainder when 5925 is divided by 227.
23
What is the remainder when 9261 is divided by 1847?
26
What is the remainder when 14527 is divided by 2064?
79
What is the remainder when 9301 is divided by 2697?
1210
Calculate the remainder when 4390 is divided by 578.
344
Calculate the remainder when 548997 is divided by 1500.
1497
What is the remainder when 2023 is divided by 2016?
7
Calculate the remainder when 32209 is divided by 716.
705
Calculate the remainder when 15263 is divided by 106.
105
Calculate the remainder when 101436 is divided by 735.
6
Calculate the remainder when 23133 is divided by 5783.
1
Calculate the remainder when 13577 is divided by 647.
637
What is the remainder when 27182 is divided by 454?
396
Calculate the remainder when 2999 is divided by 999.
2
What is the remainder when 350050 is divided by 4431?
1
Calculate the remainder when 82651 is divided by 20599.
255
What is the remainder when 12083 is divided by 4023?
14
Calculate the remainder when 66624 is divided by 16642.
56
Calculate the remainder when 29390 is divided by 124.
2
Calculate the remainder when 1157 is divided by 249.
161
Calculate the remainder when 344518 is divided by 25.
18
Calculate the remainder when 81495 is divided by 139.
41
Calculate the remainder when 75944 is divided by 101.
93
What is the remainder when 2633277 is divided by 211?
208
What is the remainder when 5683 is divided by 9?
4
What is the remainder when 10083797 is divided by 559?
555
Calculate the remainder when 926361 is divided by 11.
7
What is the remainder when 20587 is divided by 20?
7
What is the remainder when 6212 is divided by 1226?
82
What is the remainder when 1879 is divided by 742?
395
Calculate the remainder when 2410 is divided by 6.
4
What is the remainder when 25214 is divided by 18?
14
Calculate the remainder when 2029 is divided by 19.
15
Calculate the remainder when 12397 is divided by 155.
152
What is the remainder when 3555 is divided by 3511?
44
What is the remainder when 48894 is divided by 8146?
18
Calculate the remainder when 616 is divided by 203.
7
What is the remainder when 1285 is divided by 125?
35
What is the remainder when 54929 is divided by 9146?
53
What is the remainder when 243314 is divided by 60822?
26
What is the remainder when 7847 is divided by 605?
587
Calculate the remainder when 477870 is divided by 55.
30
What is the remainder when 136110 is divided by 736?
686
Calculate the remainder when 3726 is divided by 361.
116
Calculate the remainder when 1994 is divided by 284.
6
Calculate the remainder when 691198 is divided by 691190.
8
What is the remainder when 608 is divided by 51?
47
What is the remainder when 15831 is divided by 1232?
1047
Calculate the remainder when 1539 is divided by 239.
105
What is the remainder when 32598 is divided by 40?
38
What is the remainder when 1219868 is divided by 17?
16
Calculate the remainder when 8547 is divided by 2107.
119
What is the remainder when 17391 is divided by 25?
16
What is the remainder when 13267 is divided by 80?
67
What is the remainder when 6360 is divided by 207?
150
Calculate the remainder when 183765 is divided by 151.
149
Calculate the remainder when 83983 is divided by 41957.
69
Calculate the remainder wh